
2, 3
Suppose u - 59 - 28 = -3*j, 59 = 2*j + u. Let w = j - 5. List the prime factors of w.
23
Let g(d) = -d**3 + 17*d**2 - 30*d + 22. List the prime factors of g(13).
2, 7, 11
Suppose -1451 - 604 = -5*k + 5*b, -k - 3*b + 399 = 0. List the prime factors of k.
2, 3, 17
Let g(t) = -t**3 + 11*t**2 + t - 9. Let y be g(11). Suppose -5 = -y*q + 33. What are the prime factors of q?
19
Let y be (0 - -3)/(6/(-4)). Let f(b) = b**2 - b - 2. Let x be f(y). Suppose -t = 5*m - 8*m - 6, 4 = x*m. What are the prime factors of t?
3
Let r = 17 - 2. Suppose 3*g = 8*g - r. Let n(w) = 2*w**2 - 3*w - 1. List the prime factors of n(g).
2
Let u = -47 + 51. Suppose 0 = y - f - 4*f - 17, -4*y - f + 5 = 0. Suppose 2*k - y - u = 0. What are the prime factors of k?
3
Suppose 12 = 2*z - 116. Let g = z - 36. What are the prime factors of g?
2, 7
Suppose 2*s + 5*v - 5 = 11, s = 4*v - 5. Suppose -2*z + 16 + s = 5*o, 5*z - 4*o = -2. Suppose 5 = z*i - 5. What are the prime factors of i?
5
Let s(h) = -h**2 - 2*h + 8. Let p(c) = -c**2 - 3*c + 7. Let d(i) = 4*p(i) - 3*s(i). List the prime factors of d(-3).
13
Suppose -s = 8*s - 423. What are the prime factors of s?
47
Let h(g) = -8*g - 5. Let d be (-45)/12 - 4/16. Let n be h(d). Suppose -2*y - 3*z = -33, 3*z - n = -2*y + 6*z. What are the prime factors of y?
3, 5
Let j = -7 - -4. Let u(h) = h**3 + 4*h**2 + h - 3. Let x be u(j). Suppose -x*s + s = -4. What are the prime factors of s?
2
Suppose 2*b = 6*b - 24. Let y be ((-3)/b)/((-2)/4). Suppose y = p - 1. What are the prime factors of p?
2
Suppose 5*d - 9 = 6. Suppose -d*j + 4 + 2 = 0. Suppose -5*w + 30 = j*x, -2*w = 2*x - 1 - 5. List the prime factors of w.
2
List the prime factors of ((-15)/10)/((-6)/88).
2, 11
Let p(y) = 0*y**2 + 0*y**3 - 8*y**2 - y**3 - 2*y - 12. Let l be p(-8). Suppose 35 = l*a - 0*n + 3*n, -2*n = 5*a - 49. List the prime factors of a.
11
Let f = 57 - 19. What are the prime factors of f?
2, 19
Let j = 69 - 48. What are the prime factors of j?
3, 7
What are the prime factors of (2922/42 - 4) + (-3)/(-7)?
2, 3, 11
Let y = 241 - 162. What are the prime factors of y?
79
Suppose -3*u + 24 = f, -2*f - 4*u + 98 = 3*f. List the prime factors of f.
2, 3
Suppose 2*l + 0 = -2, 0 = -4*s + 3*l + 63. List the prime factors of s.
3, 5
Let w(r) = 3*r - 6. Let f(n) = -n**3 - 7*n**2 - 6*n - 2. Let d be f(-6). Let o be 4/(d/(-2)) + 1. What are the prime factors of w(o)?
3
Let v(f) = -3*f + 2. Let y be v(10). What are the prime factors of (3 + -2)/(-1) - y?
3
Suppose 4*v = 15 + 1. Suppose -l + 135 = v*l. List the prime factors of l.
3
Let r(t) = 2*t**2 - 10*t - 3. Suppose -3*m + 21 = -5*s - 10, 5*m = -4*s + 27. What are the prime factors of r(m)?
5
Let l = -16 + 26. Suppose 0 = -j + 2*j - l. List the prime factors of j.
2, 5
Suppose -3*v = -4*v + 62. Let x(t) = t**3 - 3*t**2 - 3*t + 2. Let a be x(4). List the prime factors of v/a + (-2)/(-3).
11
Let o(q) = -100*q + 5. What are the prime factors of o(-1)?
3, 5, 7
Let h(u) = 10*u + 1. List the prime factors of h(1).
11
Suppose 4*l + 3*m + 23 = 0, -l - 5 - 3 = 3*m. Let g be 3/6*(0 + 18). Let v = l + g. What are the prime factors of v?
2
Let v(m) be the first derivative of m**3/3 + 11*m**2/2 + 2*m - 3. Let q(t) = 3*t + 7. Let g be q(-6). List the prime factors of v(g).
2
Let u = 4 + 4. What are the prime factors of u?
2
Let v = -4 + 20. List the prime factors of v.
2
Suppose -2*h + 3*x = -292, -13*h + 8*h + 696 = x. What are the prime factors of h?
2, 5, 7
Suppose 2*z - 3*m - 208 = -3*z, z = 5*m + 24. What are the prime factors of z?
2, 11
Let x(p) = -p**2 + 10*p + 6. What are the prime factors of x(6)?
2, 3, 5
Suppose -6*w + 40 = -5*w. Let g = -26 + w. List the prime factors of g.
2, 7
Let h = -12 + 5. Let k = 7 - h. What are the prime factors of k?
2, 7
What are the prime factors of 16/(-56) + (-60)/(-14)?
2
Let t(z) = z - 1. Suppose 3*l - 12 = -0*l. Let j be t(l). Suppose -18 + 48 = j*b. What are the prime factors of b?
2, 5
Let m(n) = 6*n**2 - n. Let s be m(1). Suppose -o = -s*o + 60. What are the prime factors of o?
3, 5
Suppose -125 = -5*q - 4*f - 0*f, -48 = -2*q - 2*f. List the prime factors of q.
29
Suppose -17*y + 16*y + 67 = 0. What are the prime factors of y?
67
Suppose r + 33 = 4*k + 6, 2*k - 11 = r. Suppose 38 = j - k. List the prime factors of j.
2, 23
Suppose -a = -5*a - 24. Let b(x) = x**3 + 6*x**2 - 4*x - 4. What are the prime factors of b(a)?
2, 5
Suppose 0 = -0*m + m - 4. Suppose -4*y = 3*k - 159 + 35, -m*y + 3*k = -100. Let d = y - 16. List the prime factors of d.
2, 3
List the prime factors of -6*((-6)/15)/(4/60).
2, 3
Suppose -17 = -2*h + 107. List the prime factors of h.
2, 31
Suppose q + 2*q = 57. What are the prime factors of q?
19
Let h(z) = 2*z - 8. Let u(i) = i - 1. Let t(l) = -2*h(l) + 12*u(l). What are the prime factors of t(3)?
2, 7
Let z = 19 - 13. Suppose -z*n + 2*n + 4 = 0. What are the prime factors of -8*(-1 - n/(-2))?
2
Let m be -3 + 1 + (-8 - 2). What are the prime factors of (41/(-4))/(3/m)?
41
Let h(f) = f**3 + 17*f**2 - 22*f - 9. What are the prime factors of h(-18)?
3, 7
Let g(h) = 2*h**2 + 5*h - 3. Suppose -3*u = -2*f + 7, 2*u + 3*f + 37 = -3*u. List the prime factors of g(u).
2, 11
Let r = -191 + 325. List the prime factors of r.
2, 67
Let p = -5 - -4. Let y = 9 - p. List the prime factors of y.
2, 5
What are the prime factors of (265/10)/(1/2)?
53
Suppose -l - 2 + 0 = 4*z, -3*l = -3*z - 9. Suppose 5*g + 15 = 0, 5*a + l*g + 2*g = 3. List the prime factors of a/15 + 49/5.
2, 5
Suppose 0 = -f - 5 + 1. Suppose 4*y + y - 90 = -k, 4*y - k = 63. Let g = y + f. What are the prime factors of g?
13
Suppose -18 = -3*w - 3. Suppose 5*n - 10 = 5*z, 5*n = w*z + n + 6. List the prime factors of z.
2
Suppose -4*w + 56 = -4. Suppose 3*h - w = -2*h. Suppose 2*q + h = q + d, -3*q - d + 11 = 0. What are the prime factors of q?
2
Let g be (-10)/4*(-12)/5. Suppose 2*x - u = 23, 0*u + g = x + 5*u. List the prime factors of x.
11
Suppose 0*z - 7 = -2*z - v, -z = 5*v - 8. List the prime factors of ((-140)/(-5))/(z - 1).
2, 7
Suppose -2*a + 176 = 6*a. What are the prime factors of a?
2, 11
Let n be 1 + -3 + 0 + 5. Suppose -4*j + 32 - 2 = -x, 22 = 2*j + n*x. Let q = j - 0. List the prime factors of q.
2
Let t be 1 - ((-6)/(-3) + -3). Suppose -3*i + 10 = t*i. Suppose -i*f + 0 = -12. List the prime factors of f.
2, 3
Let z(l) = -l**3 + 7*l**2 + 2*l - 8. Suppose 0 = -4*r + 17 + 11. What are the prime factors of z(r)?
2, 3
Let d(t) = t**3 - t**2 - 5*t + 2. Let f be d(3). Let q = f - 9. Let r = 16 + q. What are the prime factors of r?
2, 3
Let j be ((-5)/2)/(2/(-12)). Suppose -2*d + 13 = r, -2*d = -5*d + j. Suppose u + 3 = r*s, 2*u - 18 = -3*s - 2*u. List the prime factors of s.
2
Suppose -5 - 143 = -y. List the prime factors of y.
2, 37
Let h be (3 + -1)*(-282 + -2). Let m be (-2)/(-9) - h/36. Suppose k + k - m = 0. What are the prime factors of k?
2
Suppose -3*m - 5*f = -176, -4*m + 222 + 66 = -4*f. List the prime factors of m.
67
Suppose -6*q = -7*q + 15. List the prime factors of q.
3, 5
Let z(p) = p**3 - 7*p**2 - 2*p + 7. Let c be z(7). Let f = 10 + c. Suppose 4*k - r - 9 = 0, 5*k - 2*k - f = 2*r. What are the prime factors of k?
3
Suppose -4*b + 71 = 5*o, 5*o = 5*b - 0*o - 145. What are the prime factors of b?
2, 3
List the prime factors of (-1)/(((-3)/(-10))/(162/(-45))).
2, 3
What are the prime factors of (12/9)/(8/876)?
2, 73
Let j = 2 + 16. What are the prime factors of j?
2, 3
Suppose -13*r + 162 = -10*r. List the prime factors of ((-12)/8)/((-3)/r).
3
Let x = -34 + 76. What are the prime factors of x?
2, 3, 7
Let q(b) = b**3 - 7*b**2 + 8*b. Let t be q(6). Let i(x) = x**3 - 4*x**2 - 4*x - 3. Let j be i(5). Suppose 2*n = -j*n + t. List the prime factors of n.
3
Let w(u) = u - 1. Let p(y) = -4*y + 10. Let o(i) = p(i) + 3*w(i). Let q = -1 - -1. List the prime factors of o(q).
7
Let o be (-2 + 2 - 1)*-65. Let w = o - 38. Let r = -10 + w. What are the prime factors of r?
17
Let u = 29 + 4. Suppose 5*y = u + 137. What are the prime factors of y?
2, 17
Suppose -o + 2 = 0, -2*z - z + 2*o + 77 = 0. Let n = 41 - z. List the prime factors of n.
2, 7
Suppose -g + 2*y + 10 = 0, 0*g = g + 3*y + 5. Suppose -3*p + 5*r = -2*p - 4, 0 = -g*p + r + 111. List the prime factors of p.
29
What are the prime factors of (-3 - -7) 